n divisor of w and a.
1
Let j be 16/3*30/20. Let v be 83 - 7 - j/2. Let h be (-1 - v/(-2)) + 1. What is the greatest common factor of 90 and h?
18
Suppose 15*b + 1002 - 23652 = 0. Calculate the highest common factor of 10 and b.
10
Suppose 10876 + 2417 = 39*n + 24*n. What is the greatest common factor of 4 and n?
1
Let u(a) = 49*a + 1480. Let n be u(-30). Let c = 2 + 3. Let g be (0 - c)/((-2)/n). Calculate the greatest common divisor of 275 and g.
25
Let d = 630 + -616. Let n = 22 - 11. Suppose d - 91 = -n*a. What is the greatest common factor of 7 and a?
7
Let d be 25/((-3675)/(-42)) - ((-519)/21 + -1). What is the highest common divisor of d and 754?
26
Suppose 2*g + 6861 = 12*g - 49949. What is the highest common factor of g and 23?
23
Suppose 3*a - 315 = -y + 153, -2320 = -5*y + 5*a. Let g = y + -241. Let z = -80 - -112. Calculate the greatest common factor of z and g.
32
Suppose z + 31 = 4*u - 0*u, 0 = 5*u - 4*z - 47. Calculate the highest common factor of u and 1813.
7
Let w = 200 + -174. Suppose -3*h + 975 = 2*h. Calculate the highest common divisor of w and h.
13
Suppose 2465*d - 2450*d = 855. Calculate the greatest common divisor of d and 570.
57
Let w(f) = f**3 + 9*f**2 + 26*f + 57. Let a be w(-6). Let k(d) = -d**2 - 6*d + 10*d - 15 + 8*d. Let z be k(a). Calculate the greatest common factor of z and 24.
12
Let k = -41 - -45. Suppose 0 = -11*v + k*v + 280. Let s be 136/14 - ((-12)/14)/3. What is the highest common divisor of s and v?
10
Let u = -176 - -184. What is the greatest common factor of 448 and u?
8
Let n = -1500 - -1555. Calculate the greatest common factor of 88 and n.
11
Suppose -4*d - 324 + 312 = 0. Let k be (-1504)/6*(21/14 + d). Calculate the greatest common factor of 47 and k.
47
Suppose -9*p = -2*b - 1213, p - 8*b + 5*b - 132 = 0. What is the highest common divisor of p and 140?
5
Let q be (-2 - 7)/((-6)/18). Suppose -60*x - 26*x = 51*x - 85077. Calculate the highest common factor of q and x.
27
Let f be (-9)/(189/(-28))*3*754. What is the highest common factor of f and 208?
104
Let x(r) = -327*r + 6949. Let q be x(21). What is the highest common factor of 10742 and q?
82
Suppose 0 = 4*o + 3*t - 8, 4*o + 2*t = -2*t + 8. Let y be -2 - o*(-3)/6. Let j be ((-10)/4 - y)/((-1)/20). Calculate the highest common factor of 270 and j.
30
Let f = -37 - -69. Let k(c) = -100*c + 29. Let b be k(-5). Suppose -b = -3*m + 143. What is the greatest common divisor of f and m?
32
Let d(b) = -74*b + 2. Let v be d(-2). Suppose -1323*i + 74139 = -243381. Calculate the greatest common factor of i and v.
30
Let h be 10/(-25) + (1 - (-654)/10). Suppose q = -3*l + 2179, 2*l - 5*l + q = -2177. Calculate the greatest common divisor of l and h.
66
Suppose -139*p + 9*p = -1820. Calculate the highest common divisor of 6622 and p.
14
Let o be ((-110)/(-6))/((-7)/2520*-3). What is the greatest common divisor of o and 2600?
200
Let v be ((-112)/35)/4 - 232/(-40). Let m be 0/(1 + -2) + 2. What is the greatest common factor of m and v?
1
Let z be (8 + 667/(-5))/(10/(-100)). What is the highest common factor of z and 264?
66
Suppose 17*j = 12*j + 25. Let p(w) = 6 - 3*w**2 + 6*w + 2*w**2 + 0*w. Let c be p(j). Calculate the highest common factor of c and 88.
11
Suppose -l = -3*l + 70. Let s(t) = -1683*t - 15007. Let r be s(-9). What is the highest common divisor of r and l?
35
Suppose 195*b - 193*b + 4*g = 120, -4*g = 4*b - 232. What is the highest common factor of b and 161?
7
Let c(q) = 2*q**2 + 41*q - 226. Let o be c(-31). What is the highest common factor of o and 187?
17
Let r = -93 - -470. Calculate the greatest common divisor of 52 and r.
13
Suppose -4*x + 167*x = -82*x + 18130. Calculate the highest common factor of x and 8.
2
Suppose 5*w + 0*b = 3*b + 6, b = w. Suppose -2*l = -7*l + v + 279, 5*l - w*v = 277. Calculate the highest common divisor of 8 and l.
8
Let u(w) = 2*w**2 - 77*w - 404. Let n be u(44). Calculate the greatest common factor of n and 140.
20
Let p be 60/150 - (-86)/10. Let d be 96/p*18/12. Calculate the greatest common divisor of 224 and d.
16
Let x(w) = -9*w + 456. Let v be x(0). Suppose -13*h = -v + 40. Calculate the highest common factor of h and 72.
8
Let j(g) = -545*g - 313. Let k be j(-1). Let i = -2 + 31. Calculate the highest common factor of i and k.
29
Suppose j - 8*a + 7 = -5*a, 5*a = -j + 25. Suppose -5*k = -m + 1, -j*k + 80 - 17 = 3*m. What is the highest common divisor of m and 80?
16
Suppose 425*u - 7920328 = -2536853. What is the highest common factor of u and 159?
53
Let t be -5*(22/10 + -3). Suppose 0*l - 2*l + 436 = -t*p, -230 = -l + 5*p. What is the greatest common factor of 15 and l?
15
Suppose 40*s - 3109 = -709. What is the greatest common divisor of s and 1420?
20
Suppose 10469 - 3476 = 37*b. Suppose 0 = 28*z - 35*z + b. What is the highest common divisor of 126 and z?
9
Let x be 170/(-15)*(3 + -66). Calculate the greatest common factor of 210 and x.
42
Suppose 0*l + 936 = 26*l. Let h be (1 + (-4)/(-4))*(-1 + 5). What is the highest common divisor of l and h?
4
Let h(a) = -a**3 - a**2 + a + 66. Let o be h(0). Let w(z) = -z**3 - 53*z**2 - 103*z - 5415. Let x be w(-53). Calculate the greatest common factor of o and x.
22
Let t(z) = -z**2 + 4*z + 3. Let k be t(7). Let a be 2/4 + (-3069)/k. Suppose 6691 + 7734 = 326*u - 4157. Calculate the greatest common factor of a and u.
57
Let g be ((-2635)/(-62))/(20/64). Calculate the greatest common divisor of 629 and g.
17
Let z be 18/((-72)/(-16082)) + 4/(-8). Calculate the highest common factor of z and 18.
6
Let z(s) = -11*s + 22*s + 57*s + 29*s + 327. Let g be z(5). Calculate the highest common factor of 14 and g.
14
Let y be (-1 - (-39)/(-4))*-8. Suppose -5*v - y + 161 = 0. Calculate the highest common factor of v and 35.
5
Suppose 24510 = 60*s - 115410. Calculate the highest common factor of 132 and s.
44
Suppose -4*p + 3*o = -0*p - 26, 5*p - 29 = 2*o. Suppose -165 + 11 = -2*j + p*z, 0 = 2*j - z - 154. What is the greatest common factor of j and 7?
7
Suppose 5903 = 86*j + 69*j + 943. Calculate the greatest common divisor of j and 72.
8
Let j = 13125 + -13065. What is the greatest common divisor of 11700 and j?
60
Let l = 48 + -35. Let d be l/11 + 1 + 12/(-66). Suppose d*m + 388 = 5*h + 3*m, -2*m = h - 83. What is the highest common divisor of h and 11?
11
Let i = 45 + -47. Let p be 1/i - (-375)/30. Suppose -p*k = -8*k - 616. Calculate the greatest common divisor of 14 and k.
14
Let x = 492 - 489. Suppose -5*s + x*l + 49 = 7*l, -2*s + 2*l + 16 = 0. Calculate the highest common factor of 963 and s.
9
Let j be (-24 - -22)/(1/(-22)). Suppose -89*r + 87*r = -j. What is the highest common divisor of 198 and r?
22
Let h = -109 + 121. What is the greatest common factor of h and 1458?
6
Let x be ((-18)/(-20))/((-1134)/(-15120)). Calculate the highest common divisor of 86 and x.
2
Suppose -4*z = -106 + 25 - 111. What is the highest common factor of 5952 and z?
48
Let n(x) = -3*x**2 - 36*x - 58. Let h be n(-10). Suppose -14 = w + 5*r, -w + h*r + 1 + 13 = 0. What is the highest common factor of 39 and w?
3
Let y(g) = -36*g**2 + 2058*g - 48. Let j be y(57). Calculate the greatest common divisor of j and 3122.
14
Let v(o) = -o**2 + 18*o + 37. Let g be v(0). What is the highest common factor of g and 5587?
37
Let q(g) = -g**3 - 4*g**2 - 5*g - 2. Let x = -43 + 46. Suppose -16 = -y - 4*u, -10 = -x*u + 5. Let c be q(y). Calculate the greatest common divisor of 90 and c.
18
Let q(h) = -17*h**3 + h**2 - 6*h - 26. Let a be q(-3). Suppose 7*d - a = -16*d. Calculate the greatest common divisor of d and 32.
4
Suppose 3*z - i = 647, 19*z = 16*z + 2*i + 643. What is the greatest common factor of 14 and z?
7
Let p = -1941 + 2025. What is the highest common divisor of p and 7476?
84
Suppose 2*y = -5*a + 1861, 142*y - 145*y = a - 380. What is the highest common factor of a and 1378?
53
Let l(n) = 202*n - 10605. Let s be l(55). Calculate the highest common factor of s and 303.
101
Let u be (1/3*-2)/(1/(-3)). Suppose 5*d = -v + 6*v - 70, -2*v + 5*d + 37 = 0. Suppose u*h + 162 = v*h. Calculate the highest common factor of 90 and h.
18
Suppose -5*g = 0, -2*h + 0*g + 6 = -g. Suppose -109 = -h*d + 44. Suppose n + 175 = 4*l + 92, l = -13*n - 178. Calculate the highest common factor of d and l.
1